se -3*h - 642 = -4*u - 806, 114 = 2*h + 2*u. Calculate the highest common factor of 392 and h.
56
Suppose 5346 = -29*l - 25*l. Suppose 23 + 25 = -2*h. Let i = h - l. Calculate the greatest common divisor of i and 25.
25
Suppose -4*o = -5*j - 0*j + 76, 3*j + 3*o = 51. Let v = j - -24. Suppose 25*i + 1736 - 3236 = 0. Calculate the greatest common factor of v and i.
20
Suppose 184 = -13*m + 54. Let v = -19 - m. Let o be (10 + v)*14*1. What is the greatest common factor of 2 and o?
2
Let h(r) = -361*r + 2126. Let k be h(4). What is the greatest common factor of 44 and k?
22
Suppose -2*x - 3*b + 983 = -43, -2540 = -5*x + 5*b. Calculate the greatest common divisor of 238 and x.
34
Suppose 77 = 5*d - 4*m, 138*m - 143*m = 3*d - 61. Let j = -1 + 98. Suppose 2*x = -z + 43, -2*z = x - 1 - j. What is the greatest common divisor of d and z?
17
Let v(a) = -a**3 - 8*a**2 - 18*a - 5. Let q be 4*-4*(-56)/(-128). Let x be v(q). Calculate the highest common factor of x and 32.
8
Let d = -1649 + 2489. Calculate the greatest common divisor of 80 and d.
40
Let u = -6662 - -6697. What is the greatest common divisor of u and 105?
35
Suppose -59 = -c - 5*v, 4*v = -4*c + 3*c + 57. Let i = 45 - c. Let p be ((-36)/(-21))/(i/(-154)). What is the greatest common factor of 11 and p?
11
Suppose 0*f + 201 = f. Let g(o) = 2*o**3 + 11*o**2 + 262*o + 1003. Let k be g(-4). Calculate the highest common divisor of k and f.
3
Let c(w) = w**3 + 14*w**2 - 109*w + 39. Let i be c(7). What is the highest common divisor of i and 1403?
61
Let i(s) = -13*s**3 + 2*s + 3. Let u be i(-1). Suppose -19*v + 520 = -u*v. What is the highest common factor of 13 and v?
13
Suppose 0 = 78*w - 124 + 46. Calculate the greatest common factor of w and 271.
1
Suppose 34 = 12*n - 38. Suppose -t = 1, -177 = -4*c - n*t + 7*t. Calculate the highest common divisor of c and 143.
11
Suppose 4*q - 388 = -0*q + 4*x, -5*x = q - 115. Suppose 5*a = -4*z + 42, 29*a - 5*z = 27*a + 30. What is the greatest common divisor of a and q?
10
Suppose -2*c = 3*c - 55. Let z = -46 - -16. Let v = 69 - z. What is the highest common divisor of v and c?
11
Let o be (-1)/(((-6)/(-10))/(-3)). Let s(f) = -17*f + 186*f**2 - 188*f**2 + 159 + 29*f - 158. Let n be s(o). Calculate the greatest common factor of 88 and n.
11
Let b be -10*1/(-1 - 0). Let h(s) = s**2 - 15*s - 980. Let j be h(40). What is the highest common divisor of j and b?
10
Let r(y) = -110*y - 79. Let q(c) = -444*c - 316. Let k(u) = -2*q(u) + 9*r(u). Let m be k(-6). What is the greatest common factor of m and 13?
13
Let n be (-11)/(-440)*10 - 1347/(-4). Let q = -13 + n. Calculate the greatest common factor of q and 72.
36
Let f = 406 - 438. Let x be (f - (-4 + -1))/((-18)/228). Calculate the highest common divisor of x and 18.
18
Suppose 11*h - 5*h = 132. Let g be (-4)/h + (-3964)/(-22). Suppose -9*x = -4*x - g. Calculate the greatest common divisor of 324 and x.
36
Suppose 94 = 5*p + 4*u, -4*p + 2*u + u = -100. Let q = 60 - 60. Suppose q = 3*f - 24 - 75. Calculate the highest common factor of p and f.
11
Let q(x) = 2414*x - 14460. Let z be q(6). Calculate the greatest common factor of z and 17944.
8
Let f(a) = 4*a + 4. Let x = -20 - -22. Let b be f(x). Suppose -v + 8 = -2*p, 12 = 5*v + 5*p + 2. What is the highest common factor of v and b?
4
Suppose d + 421*c - 419*c = 52, 101 = 2*d + c. What is the highest common factor of d and 190?
10
Suppose -2*z - 31*t + 39*t - 18 = 0, 3*z + t - 116 = 0. Suppose -5*i = -5*g + 90, g - 2 = -3*i - 0. Calculate the greatest common factor of g and z.
7
Let x = -377 - -347. Let r be 235*(-12)/x + -6. What is the highest common divisor of r and 11?
11
Let i = -1185 - -1295. What is the greatest common divisor of i and 7590?
110
Let v be (-1 + 5)*(-6335)/(-70). Suppose -9*f - v = -1406. What is the greatest common factor of 58 and f?
58
Let w(x) = -2*x**3 + 2*x + 1. Let k be w(-1). Let z be (k + -7)/(-2) - -21. Calculate the greatest common divisor of z and 3.
3
Suppose -23 = -a + 4*y - 1, -a - 2*y = 2. Let q = 17 - a. Suppose -608*f + 75562 = 22058. Calculate the greatest common divisor of q and f.
11
Suppose -30 - 10 = -2*w. Let k be ((-4)/6)/(1280/636 + -2). Let z = k + 83. Calculate the highest common divisor of w and z.
10
Suppose -5*z - 146*s + 4125 = -145*s, 10*z = -5*s + 8235. What is the greatest common factor of z and 2242?
118
Suppose 6*n - 11*n + 35 = 0. Suppose 13*l = 49 + 16. Calculate the highest common divisor of n and l.
1
Let r(v) = 180*v - 175. Let o be r(1). What is the highest common divisor of o and 6075?
5
Let j be 0/((44 + 4)/12). Suppose 14 = 2*r + 4. Let m be (-4 + (r - j))*8. Calculate the greatest common factor of 8 and m.
8
Let b(v) = -v**3 + 29*v**2 + 170*v + 6. Let d be b(-5). Suppose -24 = -5*a - 4. What is the highest common factor of a and d?
2
Let h(j) = -j**3 - 9*j**2 - 5*j - 3. Let o(v) = -v**2 - v + 1. Let s(c) = -h(c) + 5*o(c). Let u be s(-4). What is the greatest common divisor of 64 and u?
8
Suppose 0 = n + 2, -5*x + 14404 = -24*n + 27*n. Calculate the greatest common factor of x and 44.
22
Let j be 630/27 + 42/63. Let q = -116 - -188. Let d = q + -40. What is the highest common divisor of j and d?
8
Let j(o) = 127*o - 945. Let n be j(8). What is the greatest common factor of n and 6319?
71
Let u be 24/7*49/14. Suppose -4*l = 4*j - 132, -2*l = l - u. Let s be j/4 - 20/80. What is the highest common factor of s and 63?
7
Suppose -5*r + 4*w = -236, r - 12*w + 10*w - 46 = 0. What is the greatest common divisor of 928 and r?
16
Let k = 100 + -88. Suppose 98*t = 101*t - k. Calculate the highest common divisor of 7 and t.
1
Let t(i) = 11*i**2 + i + 7. Let s be t(-5). Suppose 5*j - s = 8. Let w = 1150 - 1112. Calculate the highest common factor of j and w.
19
Let v = -11716 - -11724. Let x be (0 - -144)*(-6)/(-8). What is the greatest common factor of v and x?
4
Suppose 3*n + 31 = o, 2*o + 5*n + 11 = 40. Suppose -85*u = 13*u + 9948 - 29352. What is the highest common divisor of o and u?
22
Let x = 259 - 259. Suppose 43*y - 36*y - 245 = x. Let q be -7*(-1)/(1/25). What is the greatest common factor of q and y?
35
Let d = -72 + 72. Suppose -12*u + 2 + 958 = d. What is the greatest common factor of u and 30?
10
Let c = 3258 - 2265. Suppose g = -g - j - 981, -2*g - c = 5*j. Let m = 698 + g. What is the greatest common factor of 19 and m?
19
Let j be ((-73)/(-2))/(3/72). Suppose -186*a + 1624 = -608. Calculate the highest common factor of a and j.
12
Let n = -38 - -45. Let k(j) = -j. Let q be k(n). Let y(z) = z**3 + 4*z**2 - 23*z - 10. Let s be y(q). What is the highest common divisor of 16 and s?
4
Suppose -4*x = 4*s - 108, 3*x + 4*s = x + 54. Suppose -4*d + x = -d. Let h be ((-120)/9 - (-71 - -56))/(5/27). What is the highest common divisor of d and h?
9
Let p(s) = s**2 - 2*s + 1847. Let h be p(-77). What is the highest common factor of 130 and h?
130
Let i(d) = -d**2 + 6*d + 241. Let w be i(-11). Calculate the highest common divisor of w and 6462.
18
Let u(s) = 241*s**2 - 16*s - 17. Let h be u(-1). Suppose -m + 321 = 5*k, m - 6*m = 4*k - h. Calculate the highest common divisor of k and 845.
65
Let h be (2 - 3) + 3 + 2. Let d(u) = -2*u**2 - 8*u + 54. Let y be d(-7). Calculate the greatest common divisor of y and h.
4
Suppose 0 = s + 2, 5*j + s + s - 296 = 0. Suppose 6*n - n - 3*u + 5 = 0, -u - 1 = -3*n. Let l be n/5*3*10. What is the highest common factor of j and l?
12
Suppose 5*p - 3*i + 112 = -6*i, -5*p - 104 = i. Let h = -3 - p. Calculate the highest common factor of h and 493.
17
Let b(r) = 6*r - 207. Let u be b(41). Let w be -1 + 1 + u - (35 + -36). Let p be (-2)/(-5)*100/4. What is the highest common divisor of w and p?
10
Let b(k) = -k**2 + 10*k + 4. Let j be b(12). Let v be 5/2 + (-890)/j. What is the greatest common factor of v and 423?
47
Let u be (2 - 5 - -4) + 25. Let j(p) = p**3 - 24*p**2 - 52*p + 15. Let t be j(u). Calculate the highest common factor of 165 and t.
15
Let w(z) = z**2 + 7*z - 19. Suppose 131*f - 6 = 129*f. Let t be w(f). Calculate the greatest common divisor of 341 and t.
11
Let l(v) = 4*v - 3. Let g be l(1). Let k = 0 - -35. Suppose k = 3*d + 2*d. What is the greatest common factor of g and d?
1
Suppose 3*c + 4*c = -35. Let o be (212/c)/((-13)/130). What is the highest common f